t common factor of z and 33.
11
Let i be (-1)/(-4) + 47/4. Suppose -8*j = -18 - 46. Suppose j*d = 28 + 164. Calculate the highest common factor of d and i.
12
Let t = 25 + -29. Let o be t/(-16) - 350/(-8). What is the greatest common divisor of 11 and o?
11
Let y(s) = s - 3. Let j be y(5). Suppose 0 = -k + j*k - 1. Let u be (-2 + k)*(-5)/5. Calculate the greatest common divisor of u and 7.
1
Let d = 265 + -246. Calculate the greatest common divisor of d and 19.
19
Let w(a) = a**3 + 18*a**2 + 30*a + 40. Let v be w(-13). What is the greatest common factor of v and 45?
45
Suppose 0 = -3*u + 8*u + 1250. Let q = u - -126. Let c = -39 - q. Calculate the greatest common divisor of c and 17.
17
Let t be ((-3)/9)/((-5)/45). Suppose -u + 5*z + 438 = t*z, 5*z = -15. Calculate the highest common divisor of u and 48.
48
Let l be (-1801)/(-5) + (-3)/15. Suppose 10*j = l + 190. What is the highest common factor of 5 and j?
5
Suppose -4*t + 26 = -3*t. Suppose 4*f - 871 - 65 = 0. What is the greatest common divisor of t and f?
26
Suppose -16 = 153*g - 161*g. Let k = 4 + 12. What is the highest common factor of k and g?
2
Suppose 4*i - 9 = -1. Suppose -3*h = 3, 0 = -z - i*h - h + 13. Calculate the highest common factor of z and 48.
16
Let s(o) = 2*o**2 - 2*o + 4. Let r be s(4). Suppose 71*d = 12838 + 1078. Calculate the highest common divisor of r and d.
28
Suppose 0 = -r + 19 - 0. Suppose -9*x + 8*x = r. Let k = 27 + x. What is the greatest common divisor of k and 4?
4
Suppose 4*j = -4*n + 16, -5*n - 3*j + j = -23. Suppose 0 = -a + 5*s + 113, -4*a + 10 = n*s - 317. What is the highest common divisor of a and 11?
11
Suppose -20*o + 183 = -657. Calculate the highest common factor of 28 and o.
14
Let a = 195 - 101. Let l = a - 14. Let s be (-2)/6 + (-31)/(-3). Calculate the highest common divisor of l and s.
10
Let u be 2/4 + (-41)/(-2). Suppose -3 = -3*z + 6, z = 4*k - 93. Suppose -756 = 15*x - k*x. Calculate the highest common factor of x and u.
21
Let o = 2227 - 2207. What is the highest common divisor of 150 and o?
10
Suppose -2*x = 5*n + 64, 0 = 3*n + 5*x - 10 + 37. Let q be -21 + 18 - (-1 + n). Calculate the highest common factor of 24 and q.
12
Let b be 30/8*(-15200)/(-300). What is the highest common divisor of 35 and b?
5
Let h be ((4862/33)/17)/((-4)/(-30)). What is the highest common factor of h and 169?
13
Let n be 5*(4 - -16 - 5). Calculate the greatest common factor of n and 3.
3
Let u be -3*(4 + 16/(-6)) + 9. What is the greatest common divisor of u and 45?
5
Suppose -3*h = 6*v - 186, 7*h - 54 = -2*v + 4*h. What is the highest common factor of 44 and v?
11
Suppose 39 = 5*l + 9. Suppose -4*z + 16 + 24 = -4*a, 3*a - 12 = -4*z. Calculate the highest common factor of l and z.
6
Suppose -10*f + 16*f - 24 = 0. Suppose 0 = 4*g - 0*g + 220. Let c = -19 - g. Calculate the greatest common divisor of f and c.
4
Suppose 5*j = 4*j + 10. Suppose j*h - 1080 = 2*h. Let i(y) = 3*y**2 + 3*y - 3. Let c be i(2). What is the greatest common factor of h and c?
15
Suppose -2*y = 5 - 15, 5*c - 420 = 5*y. Let s = c + -39. Calculate the highest common divisor of s and 10.
10
Suppose -5*b = 3*q - 61, -65 = -5*q + b - 10. Calculate the highest common factor of 582 and q.
6
Let d(h) = -27*h + 58. Let i be d(-28). What is the greatest common factor of i and 74?
74
Suppose 0 = -4*r - 7*r + 6*r. Let u(n) = -n**3 + n**2 + 5*n + 18. Let v be u(r). Calculate the highest common factor of 81 and v.
9
Let j be (14/4 - 2)*8. Suppose 0 = 13*w + 7*w - 1200. What is the greatest common divisor of j and w?
12
Let s be 2*2 + 21583 + -3. Suppose -7*b + s = -3*b. Let g be (-24)/(-180) + b/30. Calculate the highest common divisor of 18 and g.
18
Let t(x) = 2*x**2 - 2*x - 1. Let l be t(2). Let y = 53 - 53. Suppose y = 8*f + 57 - 321. Calculate the highest common divisor of f and l.
3
Let d(q) = -q**3 - 2*q**2 + 4*q + 7. Let s be d(-3). Let i be 123/39 - 18/117 - -17. What is the greatest common divisor of s and i?
4
Let r(j) be the third derivative of j**6/60 - j**5/15 + 3*j**4/8 - j**3 + 11*j**2. Let n be r(5). What is the greatest common factor of n and 27?
27
Let u = -84 - -86. Suppose 0*l - u*i + 104 = 2*l, 0 = -2*l + 4*i + 80. Calculate the highest common factor of 120 and l.
24
Let j be -3*(0 - 20/3). Let f(u) = 2*u**3 - 7*u**2 + 6*u. Suppose -20 = -4*y - 4. Let l be f(y). Calculate the highest common divisor of l and j.
20
Let n = 327 - 267. What is the greatest common divisor of 340 and n?
20
Let p be -5*(-1 + (-94)/5 - -6). Calculate the highest common divisor of p and 552.
69
Let j be 27 - (-3)/6*-6. Suppose -3*h - 2*l = -4*l + 20, 5*h = l - j. Let v be h*-1*15/12. What is the greatest common factor of 35 and v?
5
Let f be (-1*1)/(21/(-2835)). Suppose 0 = -5*k + 5*m + f, 2*m + 35 + 67 = 4*k. Calculate the greatest common factor of k and 120.
24
Let f be 1/(-1) + 4/8*250. Calculate the highest common divisor of f and 1054.
62
Suppose -4*h = -23 - 13. Suppose -3 = -4*j + h. Suppose c = j*f - 15 - 7, 14 = -f - 5*c. What is the greatest common factor of f and 66?
6
Let x(d) = -364*d - 1. Let k be x(-1). Suppose k = 3*m + 8*m. What is the greatest common factor of m and 231?
33
Suppose -4*f - 20 = 0, 2*f - 4*f - 44 = -o. Let s = 183 + -13. Calculate the greatest common divisor of o and s.
34
Let n(l) = l**3 + 4*l**2 + 5. Let f be n(-4). Let h(x) = x**3 + 9*x**2 - 97*x - 85. Let b be h(-15). Calculate the highest common factor of b and f.
5
Let g be (((-5580)/50)/(-9))/(1/20). Calculate the highest common factor of g and 16.
8
Let g be (-1 + -1)*13/(-2). Let v(f) = 5*f + 13. Let y be v(g). Suppose 6*p - y = 4*p. Calculate the highest common factor of p and 13.
13
Suppose 0 = 2*c - 4*c + 6. Suppose 0 = 4*k + c*p - 405 + 44, 0 = k + 4*p - 100. Suppose -376 = 7*r - 54*r. Calculate the greatest common divisor of k and r.
8
Suppose 4*n = 5*n + 7. Let s(o) = o**2 + 5*o + 4. Let f be s(n). What is the greatest common factor of f and 12?
6
Let p be (-9)/(-12)*(-2 + 0)*-2. Suppose 18 = -p*y + 3*m + 102, 40 = y - 4*m. Calculate the highest common divisor of 72 and y.
24
Suppose -2*h - 3*q + 15 = -164, 4*h + q - 353 = 0. Let x be (2/4)/((-3)/48). Let p be -5*(x/5 + 0). Calculate the highest common divisor of h and p.
8
Suppose -1109 = -57*m + 259. What is the highest common divisor of 54 and m?
6
Let a be 6/6 + 10 + 8. What is the greatest common factor of a and 551?
19
Suppose 3*y - 90 = 5*g, -y - 3*g + 9 = -21. Let o(k) = -k**3 - 2*k**2 + 4. Let h be o(-4). Suppose l - h = y. Calculate the greatest common factor of l and 22.
22
Let a be 3 - 3 - (2 - 72). Let q = 6 + a. Suppose -3*f + 571 = q. What is the greatest common factor of 15 and f?
15
Let s(i) = -6*i**2 - 2*i - 2. Let u be s(2). Let r be (-6)/(u/35) + -1. What is the greatest common divisor of 24 and r?
6
Let f = 21 + -27. Let a(q) = 7*q + 43. Let d be a(f). What is the highest common factor of d and 5?
1
Let o = -28 + 29. Let k(b) = 6*b**2 - b + 2. Let w be k(o). What is the greatest common factor of w and 21?
7
Let p(c) = -2*c + 42. Let l be p(15). What is the greatest common divisor of l and 84?
12
Suppose 0 = 5*n + 2*b - 0 - 5, -2 = -2*n + 5*b. Let q be n/((10/52)/5). What is the greatest common divisor of 39 and q?
13
Let q = 53 - 48. Let t = q - -3. What is the highest common factor of t and 8?
8
Let x be (-6)/(-36) - (-5)/6. Let a be 304/4 + (-3 - x). Calculate the highest common factor of 8 and a.
8
Suppose 0 = 4*w - w - 42. Let g be (8/w)/((-8)/(-28)). Suppose -2*v - g*v = -224. What is the highest common factor of 14 and v?
14
Suppose -4*h + 6536 = 2*f, -5*h + 19826 = 4*f + 6760. Calculate the highest common divisor of 102 and f.
102
Let c be (-2)/((-10)/2365) - 1. Let n be (1 - -2)*c/12. Let l be 2/(-1 - -2) + n. Calculate the greatest common factor of l and 48.
24
Let s(b) = -2*b**3 - 23*b**2 - 17*b - 28. Let n be s(-11). Calculate the highest common divisor of n and 323.
19
Let f be 3/1*(0 + -1). Suppose 2*v - i - 8 = 0, 2*v - 6 = 5*v + 3*i. Let l be (4 + f)*9 - v. What is the greatest common factor of l and 7?
7
Let z(x) = x**3 + 20*x**2 - 4*x - 13. Let h be z(-19). What is the greatest common factor of 53 and h?
53
Let h(n) = n**2 - 6*n - 6. Let w be h(9). Let y be (133/w)/(1/3). Let l be 22/3 + y/(-57). Calculate the grea